What is the thousands digit of 21076?
1
What is the thousands digit of 110125?
0
What is the hundreds digit of 2987?
9
What is the units digit of 1505?
5
What is the hundreds digit of 1655?
6
What is the hundreds digit of 2661?
6
What is the hundreds digit of 6013?
0
What is the ten thousands digit of 11299?
1
What is the tens digit of 995?
9
What is the tens digit of 1073?
7
What is the thousands digit of 1983?
1
What is the hundreds digit of 1228?
2
What is the units digit of 380?
0
What is the tens digit of 10860?
6
What is the hundred thousands digit of 107152?
1
What is the hundreds digit of 4242?
2
What is the hundreds digit of 6153?
1
What is the hundreds digit of 1957?
9
What is the units digit of 901?
1
What is the thousands digit of 2128?
2
What is the hundreds digit of 16815?
8
What is the units digit of 11208?
8
What is the tens digit of 18804?
0
What is the units digit of 2306?
6
What is the thousands digit of 9446?
9
What is the thousands digit of 15149?
5
What is the tens digit of 2563?
6
What is the units digit of 37535?
5
What is the tens digit of 13242?
4
What is the units digit of 2302?
2
What is the units digit of 3435?
5
What is the tens digit of 5461?
6
What is the thousands digit of 1044?
1
What is the thousands digit of 4994?
4
What is the hundreds digit of 893?
8
What is the hundreds digit of 1737?
7
What is the ten thousands digit of 19841?
1
What is the tens digit of 4526?
2
What is the units digit of 664?
4
What is the units digit of 12879?
9
What is the hundreds digit of 1579?
5
What is the units digit of 57531?
1
What is the units digit of 2145?
5
What is the thousands digit of 1687?
1
What is the tens digit of 2203?
0
What is the thousands digit of 19362?
9
What is the tens digit of 5143?
4
What is the units digit of 3499?
9
What is the units digit of 526?
6
What is the hundreds digit of 78035?
0
What is the tens digit of 17974?
7
What is the units digit of 518?
8
What is the hundreds digit of 9160?
1
What is the units digit of 1657?
7
What is the units digit of 558?
8
What is the tens digit of 847?
4
What is the units digit of 803?
3
What is the units digit of 4483?
3
What is the hundreds digit of 874?
8
What is the thousands digit of 1417?
1
What is the tens digit of 828?
2
What is the thousands digit of 187447?
7
What is the units digit of 8000?
0
What is the hundreds digit of 523?
5
What is the ten thousands digit of 47664?
4
What is the units digit of 8427?
7
What is the tens digit of 1402?
0
What is the units digit of 249?
9
What is the tens digit of 26535?
3
What is the ten thousands digit of 19365?
1
What is the units digit of 1061?
1
What is the tens digit of 64?
6
What is the units digit of 830?
0
What is the tens digit of 13736?
3
What is the hundreds digit of 6529?
5
What is the tens digit of 105?
0
What is the hundreds digit of 228?
2
What is the hundreds digit of 2878?
8
What is the units digit of 56670?
0
What is the hundreds digit of 477?
4
What is the units digit of 12817?
7
What is the tens digit of 3733?
3
What is the tens digit of 308?
0
What is the hundreds digit of 2199?
1
What is the units digit of 30081?
1
What is the ten thousands digit of 104390?
0
What is the hundreds digit of 4045?
0
What is the tens digit of 3892?
9
What is the tens digit of 1862?
6
What is the hundreds digit of 5320?
3
What is the units digit of 20435?
5
What is the units digit of 596?
6
What is the thousands digit of 96123?
6
What is the units digit of 46978?
8
What is the tens digit of 119?
1
What is the hundreds digit of 496?
4
What is the thousands digit of 57430?
7
What is the units digit of 5628?
8
What is the hundreds digit of 2092?
0
What is the hundreds digit of 28269?
2
What is the hundreds digit of 1962?
9
What is the units digit of 4007?
7
What is the hundreds digit of 3228?
2
What is the units digit of 6602?
2
What is the units digit of 89?
9
What is the tens digit of 42678?
7
What is the thousands digit of 150658?
0
What is the ten thousands digit of 18333?
1
What is the tens digit of 723?
2
What is the hundreds digit of 591?
5
What is the units digit of 42028?
8
What is the hundreds digit of 14950?
9
What is the thousands digit of 3824?
3
What is the tens digit of 1780?
8
What is the tens digit of 893?
9
What is the tens digit of 14891?
9
What is the units digit of 103534?
4
What is the units digit of 407?
7
What is the units digit of 3687?
7
What is the tens digit of 17818?
1
What is the units digit of 2165?
5
What is the units digit of 439?
9
What is the hundreds digit of 17812?
8
What is the thousands digit of 2046?
2
What is the units digit of 3322?
2
What is the hundreds digit of 17003?
0
What is the units digit of 11?
1
What is the hundreds digit of 59925?
9
What is the hundreds digit of 1191?
1
What is the units digit of 447?
7
What is the hundreds digit of 64811?
8
What is the tens digit of 8438?
3
What is the thousands digit of 1711?
1
What is the tens digit of 100876?
7
What is the ten thousands digit of 44195?
4
What is the units digit of 6046?
6
What is the units digit of 3095?
5
What is the hundreds digit of 685?
6
What is the tens digit of 817?
1
What is the units digit of 5665?
5
What is the units digit of 33?
3
What is the hundred thousands digit of 144097?
1
What is the ten thousands digit of 26725?
2
What is the tens digit of 18303?
0
What is the units digit of 164?
4
What is the units digit of 16664?
4
What is the ten thousands digit of 75064?
7
What is the hundreds digit of 995?
9
What is the hundreds digit of 3309?
3
What is the units digit of 1805?
5
What is the units digit of 607?
7
What is the hundreds digit of 1438?
4
What is the hundreds digit of 2808?
8
What is the hundreds digit of 21526?
5
What is the thousands digit of 10663?
0
What is the tens digit of 1850?
5
What is the tens digit of 7632?
3
What is the tens digit of 42651?
5
What is the hundreds digit of 2546?
5
What is the tens digit of 173?
7
What is the hundreds digit of 925?
9
What is the units digit of 5912?
2
What is the ten thousands digit of 34636?
3
What is the tens digit of 25096?
9
What is the tens digit of 558?
5
What is the hundreds digit of 25374?
3
What is the ten thousands digit of 10495?
1
What is the ten thousands digit of 50688?
5
What is the thousands digit of 1231?
1
What is the units digit of 3388?
8
What is the thousands digit of 6672?
6
What is the hundreds digit of 2145?
1
What is the units digit of 6329?
9
What is the hundreds digit of 564?
5
What is the units digit of 6646?
6
What is the thousands digit of 20549?
0
What is the thousands digit of 8297?
8
What is the thousands digit of 60216?
0
What is the hundreds digit of 563?
5
What is the hundreds digit of 12304?
3
What is the thousands digit of 164842?
4
What is the tens digit of 43532?
3
What is the hundreds digit of 122832?
8
What is the hundreds digit of 23777?
7
What is the thousands digit of 1104?
1
What is the ten thousands digit of 89081?
8
What is the units digit of 4524?
4
What is the ten thousands digit of 43658?
4
What is the tens digit of 7224?
2
What is the units digit of 55?
5
What is the units digit of 1770?
0
What is the tens digit of 2470?
7
What is the tens digit of 80?
8
What is the hundreds digit of 5536?
5
What is the tens digit of 349?
4
What is the units digit of 988?
8
What is the hundred thousands digit of 134565?
1
What is the tens digit of 3212?
1
What is the tens digit of 754?
5
What is the tens digit of 17177?
7
What is the units digit of 49932?
2
What is the units digit of 28674?
4
What is the units digit of 23503?
3
What is the units digit of 65508?
8
What is the hundreds digit of 36931?
9
What is the units digit of 11843?
3
What is the tens digit of 1235?
3
What is the units digit of 1178?
8
What is the hundreds digit of 86061?
0
What is the ten thousands digit of 13934?
1
What is the ten thousands digit of 41937?
4
What is the hundreds digit of 4044?
0
What is the ten thousands digit of 122605?
2
What is the hundreds digit of 72972?
9
What is the tens digit of 14085?
8
What is the tens digit of 5224?
2
What is the tens digit of 13406?
0
What is the tens digit of 14975?
7
What is the units digit of 578?
8
What is the hundreds digit of 524?
5
What is the thousands digit of 38746?
8
What is the hundreds d